 -a + 2*a - o - 22 = 0. What is the units digit of a?
9
Let q(g) = -g**2 + 7*g + 21. Let y be q(9). Suppose 60 = 3*s + y. What is the tens digit of s?
1
Let o be -1 + 4 + (38 - 1). Let f = 57 - o. What is the units digit of f?
7
Let k be 4 + 6/(-15)*-5. Let p = -9 + k. What is the tens digit of (-4 - p - -19) + -4?
1
Let t = 11 + -15. Let h be 250/(-14) + t/28. What is the tens digit of -2 - (-6 + 3 + h)?
1
Let r = -19 + 15. Let s be 2*(-3 - 0 - r). Suppose -s*x - 28 + 85 = 3*v, -25 = -2*v + 3*x. What is the tens digit of v?
1
Let n(r) = -r**2 + 2*r - 10. Let y be n(5). What is the tens digit of y/(-5) + -1 + 35?
3
Let n be 1/3 + (-236)/(-12). Suppose -2*b + 11 + 0 = -3*t, 4*b - 4*t - n = 0. Suppose 0*u + y - 120 = -2*u, 2*u = b*y + 140. What is the tens digit of u?
6
Let y be (-2)/(1/((-15)/6)). Suppose 0 = -y*b + 10. What is the units digit of (-5)/(((-6)/b)/3)?
5
Let v be 3/(-12) - (-27)/(-4). Let z(d) = -d**2 - 13*d + 9. What is the tens digit of z(v)?
5
Suppose m = -2*z - 4, 2*m = 3*z + 5 + 1. Suppose -5*b - 3*u = -224, 2*b - 4*b + 3*u + 98 = m. What is the tens digit of b?
4
What is the hundreds digit of (-98136)/(-27) + (-8)/12?
6
Suppose 0 = -2*v - 3*g + g - 4, -g - 4 = 0. Let m be (-44)/24 + v/(-12). What is the tens digit of 34/2 + m + -1?
1
Let d = -3356 - -6572. What is the hundreds digit of d?
2
Suppose 15*i - 17*i + 388 = 0. What is the tens digit of i?
9
Let o(d) = d**3 + 10*d**2 + 7. Let h be o(-10). Suppose h*z - 564 = 339. What is the units digit of z?
9
Let a(j) be the second derivative of -j**5/20 + j**4/12 + 9*j**2 + 12*j. Let x be 0*1/4*-2. What is the tens digit of a(x)?
1
Let w(j) = -j**3 + 3*j**2 + 2*j - 4. Let a be w(3). Let i(x) = -8*x - 7. Let k be i(-5). Suppose a*s = -s + k. What is the tens digit of s?
1
Suppose -5*n + 5*h = -10*n + 55, 0 = -n + 3*h + 19. Let g = 13 - n. Suppose -2*r + 3*l + 71 = g, 3*l = 5*r - 153 - 38. What is the units digit of r?
0
Let y(u) = u**3 + 8*u**2 + 9*u + 16. Let t be y(-7). Suppose t*q = -3*q - 225. Let k = -10 - q. What is the tens digit of k?
3
What is the hundreds digit of (-2690)/(-14) + (-29)/203?
1
Let q(s) = 2*s**3 - 47*s**2 - 13*s + 40. What is the units digit of q(24)?
4
Suppose -h - 12 = -19. Suppose -h*p + 3*p + 260 = 0. What is the units digit of p?
5
Let r(m) be the first derivative of m**6/180 + m**5/30 - m**4/6 + 4*m**3/3 - 6. Let b(v) be the third derivative of r(v). What is the units digit of b(-4)?
2
Let j(g) = 28*g - 2. What is the hundreds digit of j(8)?
2
Let f(n) = 3*n**3 + 11*n**2 + 13*n - 108. What is the hundreds digit of f(7)?
5
Let h(u) = -u**3 - 10*u**2 - 12*u - 13. Let s be h(-9). Let q(k) = -3*k + 2. Let d be q(3). Let v = d + s. What is the units digit of v?
7
Let d(b) = -6*b**3 + 4*b**2 + b - 19. What is the units digit of d(-5)?
6
Suppose 3*w = 15, -3*w = h + h - 207. What is the tens digit of h?
9
Let z = -152 - -169. What is the units digit of z?
7
Suppose 222 = -12*i + 12762. What is the units digit of i?
5
Let p be 187/33 + (-2)/3. Suppose p*u - 12 = 3*w, 0*u - 4*u - w - 4 = 0. Suppose -150 = -5*i + 5*s, -i - 4*s + 7*s + 26 = u. What is the units digit of i?
2
Suppose 499*y + 73542 = 520*y. What is the tens digit of y?
0
What is the tens digit of ((-6)/15)/((-18)/54360)?
0
Let n(o) be the third derivative of 11/24*o**4 - 4/3*o**3 + 1/60*o**5 + 0 + 0*o - 4*o**2. What is the units digit of n(-12)?
4
Suppose -15*x + 1068 = -9*x. What is the hundreds digit of x?
1
Let t be (-9 - -8)/(-1 - -2). Let c be 146/12 + t/6. Let x = c + -11. What is the units digit of x?
1
Suppose 0 = m + 4*m - 1930. Suppose -9*z = -1 - m. What is the units digit of z?
3
Suppose -1880 = -5*u - 3*u. Suppose -8*i + u = -149. What is the units digit of i?
8
Let i = 36 + 4. Suppose -4*t - i - 32 = -4*g, 2*t - 97 = -5*g. What is the tens digit of g?
1
Suppose 0 = -12*p + 21*p - 2070. Suppose t = -0*t + p. What is the units digit of t?
0
Let a(v) = 167*v**2 - 14*v + 17. What is the thousands digit of a(5)?
4
Let u = 1149 - 640. What is the hundreds digit of u?
5
Let v(k) = -k**3 - 17*k**2 - k + 26. What is the tens digit of v(-17)?
4
Suppose 0 = 17*h - 8405 - 1778. What is the units digit of h?
9
Let i = 9 - -1. Let w be (-2 - 0)/(2/(-12)). Let v = w - i. What is the units digit of v?
2
Let g(u) = 5*u**3 + u**2 + 2*u. Let w be g(3). Let r(n) = -8*n - 3. Let l be r(-3). What is the units digit of w/l - (-3)/(-21)?
7
Let k = 1147 + -382. What is the tens digit of k?
6
Suppose -19*y + 22124 + 19714 = 0. What is the tens digit of y?
0
Suppose -5*w + 5*x = 3*x - 22, 3*w - 9 = -3*x. Suppose 0 = w*q - q + 264. Let j = -62 - q. What is the tens digit of j?
2
Suppose -9 - 4 = 4*n + 5*u, -u = 2*n - 1. Suppose 4*c = -5*i - 3159 + 697, 3*i = n*c - 1488. What is the tens digit of i/(-39) - 4/6?
1
Suppose 98*a = 108*a - 60350. What is the thousands digit of a?
6
Let t be (-66)/14 + (-22)/77. Let x = t + 7. Suppose -x*j + 15 + 55 = 0. What is the units digit of j?
5
Let x(a) = 8*a**2 - 5*a + 19. What is the tens digit of x(-9)?
1
Let y = -396 + 702. Let k = 430 - y. What is the hundreds digit of k?
1
Let r be (2*1*-1)/((-10)/35). What is the tens digit of r*3/21*36/1?
3
Let m(z) = 125*z**2 + 9*z - 9. What is the hundreds digit of m(1)?
1
Let k(g) = -2*g + 9 - 3*g - 5*g**2 + 4*g**2. Let v(q) = 6*q**3 - q**2 - 2*q. Let d be v(-1). What is the units digit of k(d)?
9
Let a(y) = 184*y**2 - 5*y + 5. What is the tens digit of a(2)?
3
Suppose 0 = 6*k - 1316 - 1144. What is the units digit of k?
0
Let l(s) = 66*s + 10. Let v be l(1). Suppose 4*o + 4 = 0, 5*o - v - 284 = -5*a. What is the units digit of a?
3
Let m(c) = -c**2 + 3*c - 1. Let b be m(-5). Let p = b - -42. What is the units digit of p?
1
Suppose 17351 - 5516 = 9*f. What is the thousands digit of f?
1
Let s(o) = 25*o**2 + o + 1. Let l be ((-1)/3)/((-11)/33). Suppose l = 5*j + 6. What is the tens digit of s(j)?
2
Let d = 1 + 6. Let k be 8/(-28) + 2/d. What is the units digit of -4 + (-3 - -51) + k?
4
Let f = -188 - -1601. What is the hundreds digit of f?
4
Let m(t) = 4*t - 9 + 10*t**2 - 9*t**2 - 7 + 5. What is the tens digit of m(-8)?
2
Let n(b) = 21*b**2 - 36*b - 10. What is the hundreds digit of n(-6)?
9
Let r(s) = -8*s + 2. Let v = 26 - 31. What is the units digit of r(v)?
2
Suppose 5*m - 4*j = -2 - 2, -4 = -2*m - 4*j. Suppose 5*v + 10 = m, -1 = -l - v + 7. What is the units digit of l?
0
Let s(x) be the first derivative of x**3/6 - x**2 - 7*x + 8. Let v(y) be the first derivative of s(y). What is the units digit of v(8)?
6
Suppose 2*i = i - 28. Suppose 15*z - 50 = 20*z. What is the units digit of (2 - i)*(-8)/z?
4
Suppose 47*c = 9*c + 64676. What is the thousands digit of c?
1
Let v(t) = 2*t**3 - 8*t**2 + 14*t - 8. Let d be v(7). Suppose -f = -4*f + d. What is the units digit of f?
8
Let x(p) = -2*p + 0*p + 3*p - 2*p. Let h(m) = m - 6. Let c be h(0). What is the units digit of x(c)?
6
Suppose 188*k - 186*k = 190. What is the units digit of k?
5
Let j(t) = 8*t**2 - 6*t - 5. What is the tens digit of j(-8)?
5
Let g = -8 + 10. Suppose 5*l = 2*d - 32, -4*d - 2 = 3*l - g*l. What is the units digit of (0 + l/9)*-3?
2
Suppose d = -5, 4*f - 4*d = -f + 25. What is the hundreds digit of 364/((-6)/(-2 - f))?
1
What is the hundreds digit of ((-477)/(-12))/((-38)/(-304))?
3
What is the hundreds digit of (-4)/((-160)/8) + 33627/15?
2
What is the tens digit of (-1)/((77/5446)/(-11))?
7
Suppose 0 = -c, 0 = 5*u + u + 3*c - 2934. What is the hundreds digit of u?
4
Let a = 59 + -71. Let c = 73 - a. What is the tens digit of c?
8
Let i = 1774 + -1038. What is the hundreds digit of i?
7
Let w(v) = 27*v + 112. Let t(r) = 7*r + 28. Let m(i) = -9*t(i) + 2*w(i). What is the units digit of m(-5)?
7
Suppose i + 3*f - 12 = -3*i, -2*i - 5*f + 20 = 0. Suppose i = -s + 10 - 1. Suppose -3*q = -5*z + 26, 0 = 4*z - s*z - 4*q + 12. What is the units digit of z?
4
Suppose -14*f - 3169 - 1395 = 0. Let m = 467 + f. What is the tens digit of m?
4
Let r(z) be the second derivative of -3*z**5/20 - z**2/2 + 2*z. Let f be r(-1). What is the tens digit of -4*((-9)/f - 3)?
3
Let y = -26 + 1562. What is the hundreds digit of y?
5
Let w(i) = -3*i**3 + 28*i**2 - 41*i + 21. Let p(a) = 2*a**3 - 19*a**2 + 27*a - 14. Let n(j) = -7*p(j) - 5*w(j). What is the tens digit of n(6)?
5
What is t